0 = 0. List the prime factors of r.
2
Let m(t) = 8*t**3 + t**2 - t. Suppose -2*p = -0*p - 2. Suppose 0*i + p = i. List the prime factors of m(i).
2
Let a(l) = l**3 - 3*l + 2. What are the prime factors of a(4)?
2, 3
Let r(o) = -14*o - 3. What are the prime factors of r(-4)?
53
Let j(b) be the second derivative of -b**5/20 + 7*b**4/12 - 5*b**3/6 - 7*b**2/2 + 3*b. List the prime factors of j(5).
2, 3
Let y = -1 - -7. List the prime factors of (-9)/y*44/(-2).
3, 11
Let v(s) = -6*s**3 + s**2 - 2*s - 1. List the prime factors of v(-2).
5, 11
Let m(f) = 2*f - 2. Let p be m(2). Suppose p*q - 30 = -2. List the prime factors of q.
2, 7
Suppose -5*d + 3 = -4*y, 0 = -4*d - 0*d + 3*y + 3. Let j be d/2 - 3/(-6). Suppose -j*v + 0*f - 6 = 4*f, 3*v = f + 12. List the prime factors of v.
3
Let d(r) = 3*r - 6. Let t be d(4). Let l be (0 - 8/t)*3. List the prime factors of (-8)/l - (-5)/1.
7
Let m(y) be the third derivative of -y**4/12 + 2*y**3 + 3*y**2. Let t be m(11). What are the prime factors of (-55)/t - (-1)/2?
2, 3
Suppose -2*c - 3*m + 115 = 0, c = 3*m - 4*m + 56. List the prime factors of c.
53
Let m be 100/6 + 4/12. Let w(s) = s**3 - 6*s**2 - 2*s + 2. Let r be w(6). Let q = r + m. What are the prime factors of q?
7
Suppose 3*f - 25 = 2*f. What are the prime factors of f?
5
Let i(c) = c**3 + 7*c**2 + 10*c + 4. Let n be i(-5). Suppose n*f = 5*f - 33. List the prime factors of f.
3, 11
Suppose -6 = 2*n - 2*k - 62, 3*k - 15 = 0. Suppose n = -6*r + 159. List the prime factors of r.
3, 7
Let v = 29 + -3. List the prime factors of v.
2, 13
Let z be 4/18 - (-295)/9. Suppose -2*k + 14 = -0*k. Suppose -z = -2*p - k. What are the prime factors of p?
13
Suppose 4*p - 114 = p. Suppose -p + 10 = -b. List the prime factors of b.
2, 7
Let o be 170/(-80) + (-1)/(-8). List the prime factors of 5/o*460/(-25).
2, 23
Let a be 6/(-4)*12/(-9). Suppose -f - m = 2*m - 21, a*f + 3*m = 27. What are the prime factors of f?
2, 3
Let x = 0 - 1. Let c = x - -4. List the prime factors of 23/3 - c/(-9).
2
Let j(b) = b + 4. Let z be j(12). Suppose 4*h = z + 4. What are the prime factors of h?
5
Let u(t) = 11*t**2 - 2*t - 2. Let n be u(-2). Let i = n - 28. List the prime factors of i.
2, 3
Let n be (3/(-6) - 0)*0. Suppose 3*z - 23 = -8*m + 3*m, n = 3*z - m + 1. What are the prime factors of ((-10)/6)/(z/(-3))?
5
Suppose -y = -1 - 18. List the prime factors of y.
19
Suppose -2*h - 20 = -6*h. Suppose -h*f + 2*u + 26 = 0, f - 3*f = 3*u + 1. List the prime factors of f.
2
Let r(c) = -6*c - 4. Let a be r(-4). Suppose 3*j - 23 = 2*q + 9, 2*j - q - a = 0. What are the prime factors of j?
2
Let u be -1 - 4/(-6)*3. Let s = u + -1. Suppose -19 - 27 = -4*b - 5*j, -4*b + 4*j + 64 = s. List the prime factors of b.
2, 7
List the prime factors of 3*-14*(-7 + 6).
2, 3, 7
Suppose 2*o - 5 = 3. Suppose -y = o*y. Suppose 3*b + 4*v - 17 = y, -v + 11 = 3*b - 0*v. What are the prime factors of b?
3
What are the prime factors of (-44 - -2)*(1 - 2)?
2, 3, 7
Let r = -4 - 3. Let v(o) = o**2 + 7*o + 7. What are the prime factors of v(r)?
7
Suppose 2*a = -5*v + 733, 0*v = -4*v - 2*a + 588. What are the prime factors of v?
5, 29
Let g(y) = y + 18. Let r be -6 - (-7 - -3 - -5). What are the prime factors of g(r)?
11
Let o(s) be the third derivative of -s**6/120 - s**5/60 + s**4/6 + 2*s**3/3 - 2*s**2. Suppose 0 = 2*j + 2*j + 12. List the prime factors of o(j).
2, 5
Let b be ((-101)/2)/(3/6). Let y = -70 - b. What are the prime factors of y?
31
Let s = 11 + -3. List the prime factors of s.
2
Let c = -99 + 247. What are the prime factors of c?
2, 37
Suppose -3*z + 146 + 1 = 0. What are the prime factors of z?
7
Suppose -4*c + 21 = 9. Suppose 0 = -0*h - c*h + 54. List the prime factors of h.
2, 3
Let z(y) = -y - 3. List the prime factors of z(-16).
13
Let m be 7 - (-2 - -1) - 1. Let i(o) = -o**2 + 10*o + 14. Let x be i(11). Suppose -m = x*r - 25. What are the prime factors of r?
2, 3
Let f(b) = -2*b**3 + 4*b**2 + 2*b - 4. Let i be f(3). Let v = i + 37. List the prime factors of v.
3, 7
Let t = 33 - 11. Let p = t + -2. List the prime factors of p.
2, 5
Let m(k) = -k**2 + 16*k + 15. Let w be m(11). Let r = w - 26. List the prime factors of r.
2, 11
Let f = 47 + 3. List the prime factors of f.
2, 5
Let z be (3 - (-3 - -1))/1. Let a(v) = v**2 - 5*v + 5. Let k be a(z). Let n = k - -7. List the prime factors of n.
2, 3
Let m(s) = 3 - s**3 + 11 + s**3 + s**3. What are the prime factors of m(0)?
2, 7
Let a = 9 - 6. Suppose 31 = -2*x + a*x + 4*o, -4*x + 3*o + 124 = 0. What are the prime factors of x?
31
Suppose 43 = 2*r + 3*f - 14, 0 = 5*r + 4*f - 139. Let h = r - -19. List the prime factors of h.
2, 23
Suppose 0 = -j - 5*w + 75, w - 69 - 54 = -2*j. What are the prime factors of j?
2, 3, 5
Let l(w) be the second derivative of w**3/3 - 3*w**2/2 + 3*w. What are the prime factors of l(3)?
3
Suppose -4*h - 2*q + 118 = -22, -5*h + 3*q = -186. List the prime factors of h.
2, 3
Let d = 20 - -21. What are the prime factors of d?
41
Let i be ((-6)/(-3) - 5)*3. Let b(x) = -x**2 - 10*x + 1. What are the prime factors of b(i)?
2, 5
Suppose -n - 2 = -7. What are the prime factors of n?
5
What are the prime factors of ((-136)/17)/((-2)/16)?
2
Let d be (-1 + -1)/(4/4). Let x be 0/(1 + (-2)/d). Suppose x = 3*g - 4*w - 17, -2*g + 0*g - w = -15. List the prime factors of g.
7
Let f(w) = w**3 + 8*w**2 - 10*w - 6. Let y be f(-9). Let x(a) = 0*a**3 - 5*a + 7 - 3*a**y + 6*a**2 + 2*a**3. What are the prime factors of x(5)?
7
Let o be (22 + -1 + 3)*2. Suppose 4*g = -2*g + o. List the prime factors of g.
2
Let u(r) = r**2 - 3*r - 4. Let n be u(5). Suppose -n*h + h = -5. What are the prime factors of (0 - h)/((-2)/8)?
2
Let v be 18/(-63) - 394/(-7). Suppose -5*a + v = -a. What are the prime factors of a?
2, 7
Let c = -21 - -59. Suppose 2*s - 7*q + 2*q - 81 = 0, s = 5*q + c. What are the prime factors of s?
43
Let x = 6 - 12. What are the prime factors of x/(-8) - (-17)/4?
5
Let o(z) = -10*z - 1. Let c(w) = -10*w - 1. Let v(m) = -4*c(m) + 5*o(m). Suppose -4*j + 0 = 4. List the prime factors of v(j).
3
Let y(d) = 12*d**2 - d + 1. Let n(h) = -h**2. Let u(c) = -3*n(c) + y(c). List the prime factors of u(1).
3, 5
Let m(h) = -4*h + 0*h**2 - 6 + 2*h**2 + 0*h**2. What are the prime factors of m(5)?
2, 3
Suppose 2*j = 5*j - 6. Suppose 16 = 4*c - 4*i, 5*i - 4*i = 0. Let x = c - j. What are the prime factors of x?
2
List the prime factors of ((-2)/1 - -7)/((-10)/(-150)).
3, 5
Let o = 11 + -20. Let i = o + 5. List the prime factors of (-5 + 2)/(6/i).
2
List the prime factors of ((-3)/3)/(4/(-176)).
2, 11
Let o(h) be the second derivative of -h**5/20 - h**4/12 + h**3/3 - h. Let d(s) = s**3 - 9*s**2 - 9*s - 13. Let y be d(10). List the prime factors of o(y).
2, 3
Let v be (-2)/((-3)/(-3)) + 5. Suppose v = 4*g + 11. What are the prime factors of 4/(-2) - (-8 - g)?
2
Let l(y) = y**3 - 18*y**2 - 19*y + 27. List the prime factors of l(19).
3
What are the prime factors of ((-9)/(-6))/((-18)/(-1608))?
2, 67
Let l = 291 + -169. List the prime factors of l.
2, 61
Suppose -x + 79 = 13. What are the prime factors of x?
2, 3, 11
Suppose -4*h = -0*h + 12. Let w be -3*(9/3)/h. Suppose -2*p = w*r, -4*r - 17 = -1. List the prime factors of p.
2, 3
Let k(u) = -u**2 + 9*u - 9. Suppose 7 = -2*d + 21. List the prime factors of k(d).
5
List the prime factors of (-1 + (-836)/(-8))*8/6.
2, 3, 23
Let r(z) = 10*z - 14. Let t(d) = -49*d + 70. Let n(g) = 11*r(g) + 2*t(g). List the prime factors of n(4).
2, 17
Let r(i) = 20*i - 1. Let h be r(1). Let k be (-4)/(-10) - (-48)/5. Let p = h - k. What are the prime factors of p?
3
Let m be 20/6*(-12)/(-5). Suppose -2*f + m = -0*f. What are the prime factors of (-45)/(-12) - (-1)/f?
2
Let k = -27 - -61. List the prime factors of k.
2, 17
Let d(w) = 115*w - 7. What are the prime factors of d(2)?
223
Let u = 3 + -12. Let s(m) = m**3 + 9*m**2 + 4. List the prime factors of s(u).
2
Let g = 275 + -162. List the prime factors of g.
113
Let c(u) = -u**3 - 16*u**2 + 29. What are the prime factors of c(-16)?
29
Suppose -31 = -5*r - 3*f + 77, 0 = 3*f + 12. List the prime factors of r.
2, 3
Let j(h) = -h**3 - 5*h**2 + 6*h + 6. What are the prime factors of j(-6)?
2, 3
Let g(r) = r**2 + r. Let a be g(2). Let m = a - 4. Suppose -m*c = -0*c - 12. What are the pr